-22*r + 21*r. Let z(s) = -s**3 - 16*s**2 - 14*s + 17. Determine z(b).
2
Let i(m) = -2*m**2 - 7*m + 4. Let n = 15854 - 15856. Determine i(n).
10
Let b(i) be the first derivative of -i**5/60 + 7*i**4/24 + 2*i**3/3 + 47*i**2/2 - 30. Let t(y) be the second derivative of b(y). Give t(7).
4
Let w(g) = 29 - 3*g - 26 + 2*g. Let m(y) = 135*y - 1207. Let k be m(9). Give w(k).
-5
Let r(t) be the third derivative of t**8/20160 + t**7/336 + t**6/36 - 79*t**5/20 + 3*t**2 + 11. Let l(k) be the third derivative of r(k). Give l(-13).
-6
Let g(t) = t + 1. Let k(y) be the third derivative of y**5/60 - y**4/8 - y**3/6 + 162*y**2. Let x(u) = -5*g(u) - k(u). Calculate x(-3).
-7
Let z(o) = 41*o + 16. Let i(c) = 73*c + 32. Suppose -3*l - 11 = 2*t, -5*t = -4*l - 12 - 41. Let j(a) = l*z(a) + 4*i(a). Give j(-7).
-19
Let m(b) = 6*b**3 + 17*b**2 + 14*b - 5. Let r(i) = 5*i**3 + 16*i**2 + 14*i - 4. Let h(k) = -4*m(k) + 5*r(k). Calculate h(-11).
-33
Let r(q) = -q**2 + 15*q - 4. Let h(b) = -b**2 + 3*b - 1. Suppose 0 = 3*o - 9 + 12. Let t(k) = o*r(k) + 5*h(k). Determine t(-1).
-5
Let k(q) = q**3 - q**2 - 2*q + 1. Let u be k(0). Let o(h) be the first derivative of -9*h**4/4 - h + 3. Give o(u).
-10
Let v(n) = -n**3 - 12*n**2 - 2*n - 25. Let h be -4 + 1 - (11 + -6 + 4). What is v(h)?
-1
Let v(k) = 3*k**3 - 16*k**2 - 2*k - 2. Let s(a) = 8*a**3 - 37*a**2 - 2*a - 5. Let f(b) = 2*s(b) - 5*v(b). Calculate f(-6).
-36
Let t(d) = -d + 3 - 4 - 13. Let c(j) = j**2 - 48*j + 424. Let z be c(36). What is t(z)?
-6
Let k be (-16)/(-2) + 1 + -4. Suppose 5*m - 3*f + 52 - 12 = 0, 0 = 3*m + k*f - 10. Let n(u) = 4*u - 3. Determine n(m).
-23
Let n(m) = 143*m + 4. Let b(c) = -2889*c - 81. Let r(p) = -4*b(p) - 81*n(p). Determine r(-2).
54
Let a(l) = 13*l + 6*l**2 + 6*l - 3*l - 5*l**2 - 5 - 2*l**2. Calculate a(0).
-5
Let r(z) = z**2 - 4 - 11 - 10*z**3 - 9 - 2*z - 6 + 29. Give r(-1).
12
Let f(g) = -g**3 - 15*g**2 - 3*g + 158. Let s be f(-14). Let x(r) = -2*r**2 - 2*r + 14. Calculate x(s).
-26
Let o be (5 + -5)/(-15 - -12). Let b(h) be the second derivative of o + 10*h - 4*h**2 + 1/6*h**3. Give b(6).
-2
Let t(g) = g**2 + 16*g + 67. Let o be t(-8). Suppose 4*u + 5 = -k, k - 1 = o*u + 1. Let w(c) = 7*c**2 - 2*c - 1. Give w(k).
8
Let p be ((-72)/15)/(2/50). Suppose 6710 = -251*f + 196*f. Let o = f - p. Let w(q) = q**3 - 3*q - 2. Calculate w(o).
-4
Let w(i) be the second derivative of -i**3/6 - 5*i**2/2 + 11*i. Let z be w(-2). Let j be 0/(-2)*(-1)/z. Let t(p) = -p**3 + p**2 - 22. Give t(j).
-22
Let q(v) be the second derivative of -v**7/2520 - v**6/72 - v**5/120 - v**4/6 + 5*v**3/2 - 14*v - 1. Let b(z) be the third derivative of q(z). What is b(-4)?
23
Let y(m) = 3*m**2 + 17*m - 8. Let c(r) = r**2 + 8*r - 4. Let v(j) = -5*c(j) + 2*y(j). Suppose -2*a + 10 = -b + 11, 2*b + 5*a - 20 = 0. What is v(b)?
-1
Suppose 4*b = 2*b. Let x be b - 2 - (-16 + 15). Let i(n) = 6*n**3 - 2*n**2 - 3*n - 1. Let s be i(x). Let l(a) = a**2 + 8*a + 7. Determine l(s).
-5
Let t(v) be the third derivative of v**5/12 + v**4/12 - v**3/2 - 43*v**2 - 5*v. Determine t(2).
21
Let c be (4/7)/((-56)/(-49) - 1). Suppose -21*k - 109 = -c. Let q(d) = 0*d**2 - 3 + d**2 + 8*d - 2*d. Give q(k).
-8
Let q(r) = -5 - 737*r**2 + 733*r**2 - 4*r + 6. What is q(4)?
-79
Let u(m) = 5*m**2 + 2*m + 1. Suppose 2*g + 2*g = -5*h + 9, 1 = h. Let r(w) = -2 - 1 + 148*w - w**3 - 3*w**2 - g - 151*w. Let b be r(-2). Calculate u(b).
17
Suppose 0 = -2*n + 1030*t - 1029*t - 27, -5*n - 73 = -3*t. Let d(v) = -v - 4. Let o(c) = -1. Let p(y) = d(y) + 4*o(y). Determine p(n).
0
Let z(l) = -l**3 + 7*l**2 - 10*l - 3. Suppose 5*a - 10 = 2*k, a + 5*k - 9 = 20. Let s be z(a). Let v(f) = 4*f - 11. What is v(s)?
9
Let f(s) = -20*s + 178. Let n(w) = -78*w + 3129. Let y be n(40). Determine f(y).
-2
Let f(j) = 11*j + 29 + 107 - 84 + 0*j - j**2. Give f(12).
40
Suppose -4*l + 20 = 5*u, 2 = 3*l - 13. Suppose u = -2*c - 10, 4*a + 4*c = 2*c - 34. Let g(q) = -q**3 - 6*q**2 + 4*q + 5. Calculate g(a).
-19
Let q(o) = -2*o**2 - 87*o - 124. Let x be q(-42). Let k(t) = -t + 6. Determine k(x).
4
Let p = -92 - -317. Let d(n) = 2*n**2 - p*n - 2 + 3*n**3 + 2*n**2 + 226*n. Give d(-2).
-12
Let p be (-2)/(-3) + 10/3. Let v(c) be the third derivative of -c**4/24 - c**3/6 + 9*c**2 + 52*c + 5. Give v(p).
-5
Let f(i) = -5*i**2 - 399*i + 400*i + 2*i**2 + 6*i**3 + 2. Determine f(1).
6
Let k(u) = u**2 - 8*u + 20. Let q be k(5). Suppose -2*t + 3 = -5*n - 4, -q*n = 5*t. Let x(c) = 9*c. Give x(n).
-9
Suppose v - u - 3 = 2, -u = 4. Let n be (v/3 - 3/9)/2. Suppose -q - 6 = -6*z + z, 5*q + 2*z + 3 = n. Let p(d) = -9*d. What is p(q)?
9
Let w(p) = -2 + 13131*p**2 - 20 - p - 13130*p**2 - 1. What is w(-4)?
-3
Let f(z) = 2*z**2 - 2*z + 2. Let b = -148 - -154. Suppose -10*q - b = -36. Calculate f(q).
14
Let w = 187 + -187. Suppose -v + 3 - 7 = w. Let h(g) = g**3 + 4*g**2 - 4*g - 6. What is h(v)?
10
Let v be 4/((-16)/(-52)) + 5/(-5). Suppose 628*o = 630*o - v. Let a(j) = j + 7. What is a(o)?
13
Let c = -58131 + 58136. Let s(o) = -o**3 - 4*o**2 - o + 3. Let z be s(-4). Let h(b) = -5*b - b + z + 5*b. What is h(c)?
2
Suppose -2*u - 2*q = 7*q - 1, -2*u = -4*q - 14. Let p(j) = -j**2 + 19*j - 62. Give p(u).
8
Let b(l) = -2*l**2 + 0*l - 2 + l**3 + 3 - 2*l. Let j(y) = y**3 - 4*y**2 - 3*y + 1. Let d = 1688 - 1683. Let n(k) = d*b(k) - 3*j(k). Give n(-2).
-4
Let q(p) = 4*p + 3. Let l be (-3)/6 + (-35)/2. Let t(w) be the third derivative of -5*w**4/24 - 46*w**3/3 + 15*w**2 - 2. Let k be t(l). Calculate q(k).
-5
Let d = -7907 + 7911. Let b(f) = 5*f**2 + f + 10. Determine b(d).
94
Let a(c) = c**2 + c - 14. Let r(q) = -q**2 + q + 127. Let k be r(12). Let f be a(k). Let d(l) = -6*l - 5. Give d(f).
-41
Let c(p) = -7*p - 6*p**2 + 10*p**2 + p**2 + 4*p**3 + 9*p. Let w(k) = 12*k**3 + 16*k**2 + 6*k - 1. Let t(z) = -7*c(z) + 2*w(z). Calculate t(-2).
22
Let s(p) = 9*p - 1. Let i(g) = 5. Let v(r) = 6. Let d(y) = 5*i(y) - 4*v(y). Let x(f) = -2*d(f) - s(f). Calculate x(-1).
8
Let w(d) = d**2 + 5*d + 2. Let i be (-5 - -3 - -3)*1. Let q be (23/4)/i + 2/8. Let t be (-3)/((-1 - -4)/q). What is w(t)?
8
Let g(q) = -3*q - 4. Suppose -m + 37 - 22 = 3*u, 4*m + u - 16 = 0. Give g(m).
-13
Let f = 921/274 - -19/137. Let g(k) be the first derivative of 30 - f*k**2 + 9*k - 1/3*k**3. Give g(-8).
1
Suppose 2*g - u = -0*g + 21, 3*g = 5*u + 21. Suppose -3 = v + 5*d + 6, -2*v - g = 4*d. Let a(q) = -q**2 - 4*q - 3. Calculate a(v).
-3
Let h(n) = 136*n - 143 + 124 - 137*n. Calculate h(-6).
-13
Let u(i) be the third derivative of i**5/20 + i**4/12 - i**3/2 - 868*i**2. Let s be (-30)/(-14) - 1/7. Determine u(s).
13
Let u(y) be the second derivative of -2*y**5/5 - y**4/12 - y**3/6 + y**2/2 + 12*y - 21. Determine u(1).
-9
Let r(z) = -z**3 + 3*z**2 + 2 - 2*z**2 + 2*z**3 - 2*z**2. Let s be (-4)/(8/16*4). Give r(s).
-10
Let y(o) = -o**3 + 5*o**2 + 5*o + 5. Suppose -n - 18 + 17 = 0. Let t be n/((-10)/84*4/20). Let r be 7/t + 35/6. Give y(r).
-1
Suppose -8 + 51 = f - u, f = -2*u + 43. Let d(j) = 35 - 121 + 44 + f + j. Suppose -2*v - 3 = -15. What is d(v)?
7
Suppose -47 + 41 = s, s = 4*b - 6. Let r(z) be the third derivative of 0*z + b*z**5 + 0 - 1/120*z**6 - 1/3*z**3 + 1/12*z**4 + 13*z**2. Determine r(2).
-6
Suppose 0*b = 2*b - 50. Let u = 2004 + -1984. Let a be u/b*(-5)/2. Let p(f) = -f**2 - 2*f. Calculate p(a).
0
Let l(u) be the first derivative of -3*u - 19. Let f(c) = -c + 16. Let d(y) = f(y) + 6*l(y). Calculate d(3).
-5
Let q(z) = z - 17. Let m = 11135 - 11142. Calculate q(m).
-24
Let i = 23 - 13. Let g = 101 + -103. Let c(x) = x**2 - 7*x + 12. Let t(n) = -3*n**2 + 19*n - 35. Let k(w) = g*t(w) - 7*c(w). Give k(i).
-4
Let v(b) be the first derivative of 1/2*b**4 + 120 - b**2 - 2/3*b**3 + 3*b. Let t be (-2)/6 - (-7)/3. Determine v(t).
7
Suppose -10716*f + 10714*f = -18. Let c(d) = d**3 - 9*d**2 - 9*d + 63. Determine c(f).
-18
Let s(t) be the second derivative of -t**3/2 + 7*t**2 - 9*t + 207. Give s(5).
-1
Let a(m) be the third derivative of -m**4/24 + m**3/6 + 1591*m**2. What is a(5)?
-4
Let p = 2895 + -2856. Let u(x) = -x**3 + 41*x**2 - 76*x - 81. What is u(p)?
-3
Let b(k) = -6*k**2 - 2*k**3 + 1892*k - 1893*k + 2*k**2 + 9. Give b(-3).
30
Let a = -254 - -248. Let n(x) = -7*x**3 - 2*x**2 - 7*x - 10. Let s(t) = t**3 - t**2 + t + 1. Let z(k) = a*s(k) - n(k). Determine z(-8).
-4
L